{"id":385,"date":"2025-02-26T08:35:18","date_gmt":"2025-02-26T07:35:18","guid":{"rendered":"https:\/\/www.diebuerser.at\/?page_id=385"},"modified":"2025-02-26T08:59:01","modified_gmt":"2025-02-26T07:59:01","slug":"programm","status":"publish","type":"page","link":"https:\/\/www.diebuerser.at\/?page_id=385","title":{"rendered":"Verantwortung \u00fcbernehmen, Zukunft gestalten"},"content":{"rendered":"\n<blockquote class=\"wp-block-quote is-layout-flow wp-block-quote-is-layout-flow\">\n<p class=\"has-black-color has-text-color has-link-color has-medium-font-size wp-elements-83347723bccf90fd75ae8c7799b160dd\">B\u00fcrs ist einzigartig. Am Eingang der beeindruckenden B\u00fcrser Schlucht gelegen, vereint unser Dorf landschaftliche Vielfalt mit wirtschaftlicher St\u00e4rke. Kurz gesagt: ein Ort mit Substanz, lebenswert und voller Zukunftsperspektiven.<\/p>\n<\/blockquote>\n\n\n\n<p class=\"has-black-color has-text-color has-link-color has-medium-font-size wp-elements-6aa621c8e6446a32fe0f6ee6edb157d5\">Unser Dorf ist gepr\u00e4gt vom Flei\u00df und Gemeinschaftssinn der Bev\u00f6lkerung, von innovativen Handels-, Dienstleistungs- und Gewerbebetrieben sowie einer Gemeindepolitik, die auf Zusammenarbeit, Sachlichkeit und gesunden Menschenverstand setzt \u2014 unabh\u00e4ngig von Parteizugeh\u00f6rigkeiten.<\/p>\n\n\n\n<p class=\"has-black-color has-text-color has-link-color has-medium-font-size wp-elements-98718ccfb90edbf7ce5c103ccf69b5b4\">Wir, die B\u00fcrser &#8211; Volkspartei und Unabh\u00e4ngige, sind uns dieser Verantwortung und Verpflichtung bewusst. Als mitbestimmende politische Kraft setzen wir uns mit Herz und Verstand f\u00fcr die Zukunft unseres Dorfes und die Anliegen der B\u00fcrser Bev\u00f6lkerung ein. Unsere Arbeit steht f\u00fcr soziale Werte, Menschlichkeit, Offenheit f\u00fcr Neues, Respekt gegen\u00fcber dem Bestehenden und Weitsicht f\u00fcr das Kommende.<\/p>\n\n\n\n<p class=\"has-black-color has-text-color has-link-color has-medium-font-size wp-elements-4204175c3016cf0ce7a87b33a7f32758\">Unser Team vereint Erfahrung, Fachwissen und frische Ideen \u2013 eine ideale Kombination, um die vielf\u00e4ltigen Herausforderungen unserer Gemeinde engagiert und kompetent anzugehen. Mit Experten aus unterschiedlichen Bereichen bringen wir die n\u00f6tige Erfahrung mit, um nachhaltige L\u00f6sungen zu generieren und eine zukunftsf\u00e4hige Politik zu gestalten. Gemeinsam setzen wir uns f\u00fcr eine lebendige, gerechte und zukunftsorientierte Gemeinde ein \u2014 mit Tatkraft, Herz und Verantwortung!<\/p>\n\n\n\n<p class=\"has-black-color has-text-color has-link-color has-medium-font-size wp-elements-346d7c38377a10f46d1c837bb245a140\">Wir werben um Ihr Vertrauen und laden Sie herzlich ein, Ihr Wahlrecht zu nutzen.<\/p>\n\n\n\n<p class=\"has-black-color has-text-color has-link-color has-medium-font-size wp-elements-7499839284c5270c9d05ae5b3889a7d7\"><strong>Unterst\u00fctzen Sie uns mit Ihrer Stimme f\u00fcr \u201eDie B\u00fcrser \u2013 Volkspartei und Unabh\u00e4ngige\u201c.<\/strong><br><strong>Gemeinsam gestalten wir eine starke Zukunft f\u00fcr unser B\u00fcr<\/strong>s!<\/p>\n\n\n<div class=\"wp-block-image\">\n<figure class=\"aligncenter size-full\"><img loading=\"lazy\" decoding=\"async\" width=\"391\" height=\"157\" src=\"https:\/\/www.diebuerser.at\/wp-content\/uploads\/2020\/02\/cropped-2020_logo_diebuerser_mit_zeichen.jpeg\" alt=\"\" class=\"wp-image-75\" srcset=\"https:\/\/www.diebuerser.at\/wp-content\/uploads\/2020\/02\/cropped-2020_logo_diebuerser_mit_zeichen.jpeg 391w, https:\/\/www.diebuerser.at\/wp-content\/uploads\/2020\/02\/cropped-2020_logo_diebuerser_mit_zeichen-300x120.jpeg 300w\" sizes=\"auto, (max-width: 391px) 100vw, 391px\" \/><\/figure><\/div>\n\n\n<blockquote class=\"wp-block-quote is-layout-flow wp-block-quote-is-layout-flow\">\n<p class=\"has-black-color has-text-color has-link-color has-large-font-size wp-elements-7a552aa8174a8cf7f1dd9de0c6756557\"><strong>DIE ST\u00c4RKUNG VON GEMEINSCHAFT UND KULTUR<\/strong><\/p>\n<\/blockquote>\n\n\n\n<p class=\"has-black-color has-text-color has-link-color has-medium-font-size wp-elements-5d3a2fe502596fd72f8c4d602eafbbac\"><em>Wir f\u00f6rdern Vereine, Ehrenamt und kulturelle Veranstaltungen, um das gesellschaftliche Leben zu bereichern.<\/em><\/p>\n\n\n\n<blockquote class=\"wp-block-quote is-layout-flow wp-block-quote-is-layout-flow\">\n<blockquote class=\"wp-block-quote is-layout-flow wp-block-quote-is-layout-flow\">\n<p class=\"has-text-align-right has-large-font-size\"><strong>DIE F\u00d6RDERUNGEN VON NACHHALTIGKEIT UND MOBILIT\u00c4T<\/strong><\/p>\n\n\n\n<p class=\"has-text-align-right has-medium-font-size\"><em>Mit umweltbewussten Ma\u00dfnahmen wie zum Beispiel erneuerbarer Energie gestalten wir eine nachhaltige Zukunft. Durch verbesserte Ma\u00dfnahmen wird die Verkehrssicherheit auf den Gemeindestra\u00dfen nachhaltig erh\u00f6ht. Erweiterte Radweg und \u00f6ffentlicher Nahverkehr erleichtern umweltfreundliche Mobilit\u00e4t<\/em>.<\/p>\n<\/blockquote>\n<\/blockquote>\n\n\n\n<blockquote class=\"wp-block-quote is-layout-flow wp-block-quote-is-layout-flow\">\n<blockquote class=\"wp-block-quote is-layout-flow wp-block-quote-is-layout-flow\">\n<p class=\"has-large-font-size\"><strong>DEN AUSBAU VON BILDUNGSANGEBOTEN UND SOZIALEN EINRICHTUNGEN<\/strong><\/p>\n\n\n\n<p class=\"has-medium-font-size\"><em>Wir investieren in Kinderbetreuung, Schulen und gesunde Ern\u00e4hrung f\u00fcr Kinder. Zus\u00e4tzlich st\u00e4rken wir Pflegeangebote, betreutes Wohnen<br>und medizinische Versorgung.<\/em><\/p>\n<\/blockquote>\n<\/blockquote>\n\n\n\n<blockquote class=\"wp-block-quote is-layout-flow wp-block-quote-is-layout-flow\">\n<p class=\"has-text-align-right has-large-font-size\"><strong>DIE MODERNISIERUNG VON INFRASTRUKTUR UND ST\u00c4RKUNG DES STANDORTS<\/strong><\/p>\n\n\n\n<p class=\"has-text-align-right\"><em>Eine enge Zusammenarbeit mit der lokalen Wirtschaft, der Ausbau der Nahversorgung und Investitionen in Sicherheit, wie Hochwasserschutz, sind essenziell f\u00fcr unsere Gemeinde<\/em>.<\/p>\n<\/blockquote>\n\n\n\n<blockquote class=\"wp-block-quote is-layout-flow wp-block-quote-is-layout-flow\">\n<blockquote class=\"wp-block-quote is-layout-flow wp-block-quote-is-layout-flow\">\n<p class=\"has-large-font-size\"><strong>MEHR B\u00dcRGERN\u00c4HE<\/strong><\/p>\n\n\n\n<p class=\"has-medium-font-size\"><em>Wir setzen uns bei zuk\u00fcnftigen Projekten f\u00fcr einen verbesserten Informationsfluss ein wie zum Beispiel weiterf\u00fchrende Informationen bei Aussendungen und Onlineinformationen.<\/em><\/p>\n<\/blockquote>\n<\/blockquote>\n","protected":false},"excerpt":{"rendered":"<p>B\u00fcrs ist einzigartig. Am Eingang der beeindruckenden B\u00fcrser Schlucht gelegen, vereint unser Dorf landschaftliche Vielfalt mit wirtschaftlicher St\u00e4rke. Kurz gesagt: ein Ort mit Substanz, lebenswert und voller Zukunftsperspektiven. Unser Dorf ist gepr\u00e4gt vom Flei\u00df und Gemeinschaftssinn der Bev\u00f6lkerung, von innovativen Handels-, Dienstleistungs- und Gewerbebetrieben sowie einer Gemeindepolitik, die auf Zusammenarbeit, Sachlichkeit und gesunden Menschenverstand setzt<\/p>\n<div><a class=\"btn-filled btn\" href=\"https:\/\/www.diebuerser.at\/?page_id=385\" title=\"Verantwortung \u00fcbernehmen, Zukunft gestalten\">Weiterlesen<\/a><\/div>\n","protected":false},"author":1,"featured_media":0,"parent":0,"menu_order":0,"comment_status":"closed","ping_status":"closed","template":"","meta":{"footnotes":""},"class_list":["post-385","page","type-page","status-publish","hentry"],"jetpack_sharing_enabled":true,"_links":{"self":[{"href":"https:\/\/www.diebuerser.at\/index.php?rest_route=\/wp\/v2\/pages\/385","targetHints":{"allow":["GET"]}}],"collection":[{"href":"https:\/\/www.diebuerser.at\/index.php?rest_route=\/wp\/v2\/pages"}],"about":[{"href":"https:\/\/www.diebuerser.at\/index.php?rest_route=\/wp\/v2\/types\/page"}],"author":[{"embeddable":true,"href":"https:\/\/www.diebuerser.at\/index.php?rest_route=\/wp\/v2\/users\/1"}],"replies":[{"embeddable":true,"href":"https:\/\/www.diebuerser.at\/index.php?rest_route=%2Fwp%2Fv2%2Fcomments&post=385"}],"version-history":[{"count":12,"href":"https:\/\/www.diebuerser.at\/index.php?rest_route=\/wp\/v2\/pages\/385\/revisions"}],"predecessor-version":[{"id":410,"href":"https:\/\/www.diebuerser.at\/index.php?rest_route=\/wp\/v2\/pages\/385\/revisions\/410"}],"wp:attachment":[{"href":"https:\/\/www.diebuerser.at\/index.php?rest_route=%2Fwp%2Fv2%2Fmedia&parent=385"}],"curies":[{"name":"wp","href":"https:\/\/api.w.org\/{rel}","templated":true}]}}