{"id":174,"date":"2020-02-23T18:41:11","date_gmt":"2020-02-23T17:41:11","guid":{"rendered":"https:\/\/www.diebuerser.at\/?page_id=174"},"modified":"2025-02-14T14:39:20","modified_gmt":"2025-02-14T13:39:20","slug":"impressum","status":"publish","type":"page","link":"https:\/\/www.diebuerser.at\/?page_id=174","title":{"rendered":"Impressum"},"content":{"rendered":"\n<h4 class=\"wp-block-heading\">Impressum gem\u00e4\u00df \u00a724(3) Mediengesetz<\/h4>\n\n\n\n<p><strong>Medieninhaber und Herausgeber<\/strong><br>Die B\u00fcrser &#8211; Volkspartei und Unabh\u00e4ngige<br>Werkstra\u00dfe 8e, 6706 B\u00fcrs<br>Tel.: 0664 75077495<br>E-Mail: diebuerser(at)gmail.com<\/p>\n\n\n\n<p><strong><br>F\u00fcr den Inhalt verantwortlich<br><\/strong>Die B\u00fcrser &#8211; Volkspartei und Unabh\u00e4ngige<\/p>\n","protected":false},"excerpt":{"rendered":"<p>Impressum gem\u00e4\u00df \u00a724(3) Mediengesetz Medieninhaber und HerausgeberDie B\u00fcrser &#8211; Volkspartei und Unabh\u00e4ngigeWerkstra\u00dfe 8e, 6706 B\u00fcrsTel.: 0664 75077495E-Mail: diebuerser(at)gmail.com F\u00fcr den Inhalt verantwortlichDie B\u00fcrser &#8211; Volkspartei und Unabh\u00e4ngige<\/p>\n","protected":false},"author":1,"featured_media":0,"parent":0,"menu_order":0,"comment_status":"closed","ping_status":"closed","template":"page-templates\/no-sidebar.php","meta":{"footnotes":""},"class_list":["post-174","page","type-page","status-publish","hentry"],"jetpack_sharing_enabled":true,"_links":{"self":[{"href":"https:\/\/www.diebuerser.at\/index.php?rest_route=\/wp\/v2\/pages\/174","targetHints":{"allow":["GET"]}}],"collection":[{"href":"https:\/\/www.diebuerser.at\/index.php?rest_route=\/wp\/v2\/pages"}],"about":[{"href":"https:\/\/www.diebuerser.at\/index.php?rest_route=\/wp\/v2\/types\/page"}],"author":[{"embeddable":true,"href":"https:\/\/www.diebuerser.at\/index.php?rest_route=\/wp\/v2\/users\/1"}],"replies":[{"embeddable":true,"href":"https:\/\/www.diebuerser.at\/index.php?rest_route=%2Fwp%2Fv2%2Fcomments&post=174"}],"version-history":[{"count":4,"href":"https:\/\/www.diebuerser.at\/index.php?rest_route=\/wp\/v2\/pages\/174\/revisions"}],"predecessor-version":[{"id":359,"href":"https:\/\/www.diebuerser.at\/index.php?rest_route=\/wp\/v2\/pages\/174\/revisions\/359"}],"wp:attachment":[{"href":"https:\/\/www.diebuerser.at\/index.php?rest_route=%2Fwp%2Fv2%2Fmedia&parent=174"}],"curies":[{"name":"wp","href":"https:\/\/api.w.org\/{rel}","templated":true}]}}